l + 5*d = -3. Suppose -l*u = 3 - 12. Suppose -4*y = 5*f + 5, 3*f - 4*y = -u*y + 14. What is the units digit of f?
3
Let o(l) = 7*l + 3*l - 15*l - 7. What is the tens digit of o(-7)?
2
Let d = -1 + -4. Let y be 10/3 - d/(-15). Suppose -8*k = -y*z - 3*k - 4, 2*z - 3*k + 2 = 0. What is the units digit of z?
2
Suppose 0 = -5*l + 17 - 2. Suppose 25 + 2 = l*f. What is the units digit of f?
9
Let l(g) = 6*g**2 + 2*g + 5. What is the tens digit of l(-3)?
5
Suppose -1568 = -4*a - 12*a. What is the tens digit of a?
9
Let n = 6 + -14. What is the tens digit of (-156)/n*(-2)/(-3)?
1
Let g be 1/1 + (-2 - -49). Suppose 5*s - 21 - 26 = 2*r, g = 5*s - 3*r. What is the units digit of s?
9
Let h(r) = r - 3. Let c be h(6). What is the units digit of -1*1*(-8 + c)?
5
Suppose 0 = -0*v + 2*v + 2. Let n be (-1 - 2/(-2)) + 2. What is the units digit of n + -1 - (-6 + v)?
8
Let u = 1 + 5. What is the units digit of u?
6
Suppose -4*j - 3 = -4*b - 7, 0 = -2*b + 4. Suppose 4*l = -4*k, j*k + 3 - 6 = -2*l. Suppose -k*p = -0*p - 30. What is the tens digit of p?
1
Let w be 42/4 + (-2)/4. Let g be 34/w - (-6)/10. Suppose -5*y - 3 = g*n + 4, -4*y = -n + 14. What is the units digit of n?
2
Suppose -19 = 3*k - 193. What is the units digit of k?
8
Let l(r) = 4*r**2 - 6*r - 10. What is the units digit of l(-4)?
8
Let z(l) = l + 5. Suppose 5*x - 6 + 26 = 0. What is the units digit of z(x)?
1
Let l be 3*1 + 12 + 17. Suppose -f + l = 1. What is the units digit of f?
1
Let k(i) be the third derivative of i**6/120 + i**5/30 - i**4/12 + i**3/6 - 9*i**2. What is the units digit of k(-2)?
5
Let a be 9/2*24/18. Suppose a*l - 2*l = 8. What is the units digit of l?
2
Let x(q) = -2*q**2 - 3*q + 47. What is the units digit of x(0)?
7
Let x = 11 + -11. Suppose 5*l + 0*l - 45 = x. What is the units digit of l?
9
Suppose -p - p = 4*i - 12, 18 = 3*i - 3*p. What is the units digit of (-7)/28 + 25/i?
6
Let r be (-6)/((-2)/1) + -1. Suppose 0 = 2*a - 4*j - 16, -4*a - 12 = -7*a + r*j. What is the units digit of a?
2
Let o = 57 + -34. What is the tens digit of o + ((-3)/3 - -1)?
2
Suppose 0 = 2*r - 31 - 5. Let d = r - 3. What is the units digit of d?
5
Let g be (9 - 10)*-3*1. Suppose 0 = l - 4*i - 8 - 5, -g*i - 6 = 0. What is the units digit of l?
5
Let h be (-2)/(-6) - 11/(-3). Suppose 0 = 4*s + h*f, -2*f + 4 = 3*s + 3. Suppose 19 = 2*m - 4*b - s, 0 = 3*m - 4*b - 26. What is the units digit of m?
6
Let a = -2 + 4. Let g = 2 - a. Suppose 5*x - x - 4 = g. What is the units digit of x?
1
Let z(j) = 4*j. Let v be z(-1). Suppose -4*p - x - 2*x - 59 = 0, 2*x = -2*p - 32. Let n = v - p. What is the units digit of n?
7
Let i(b) = 2*b**2 - 4*b + 4. Let q be i(3). Suppose f - 2*n = -5, 3*f + 0*f = 5*n - q. Suppose -14 - 1 = -f*g. What is the units digit of g?
3
Let w(t) be the third derivative of t**4/24 + 5*t**3 + 2*t**2. Let j be w(0). Suppose 0 = a - 6*a + j. What is the units digit of a?
6
What is the tens digit of (-4)/10 + (-496)/(-40)?
1
Let k = -19 - -30. What is the units digit of k?
1
Let i be ((-8)/(-20))/((-1)/(-5)). Suppose -a - i*a + 12 = 0. Suppose 5*d - 5 = -5*l, 4*l + a*d - 8 = 2*d. What is the units digit of l?
3
Suppose 2*c = -3*y + 184, 3*c + 4*y - 202 = 76. What is the units digit of c?
8
Suppose 0*p = -p + 5. Let g(k) = 2*k - 7. Let u be g(p). Suppose 3*o = -2*h - 0*h + 28, u*o = h + 40. What is the units digit of o?
2
Let b(l) = -2*l**3 - 3*l**2 - 2*l - 1. Suppose -k = -0*k + 3. What is the units digit of b(k)?
2
Suppose 3*n = -2*w + 40, 0 = -n - 0*n. What is the tens digit of w?
2
Let d be (-3)/(-2) - (-7)/14. Let s(h) = -5*h + 1. Let x(m) = -4*m + 1. Let y(u) = 4*s(u) - 6*x(u). What is the units digit of y(d)?
6
Let d = 35 - 19. What is the units digit of d?
6
Let y(f) be the first derivative of f**4/4 + 2*f**3 - 4*f**2 - 6*f - 2. Let w be (-4)/(-6) - 46/6. What is the units digit of y(w)?
1
Suppose 3*p = -p - 16. What is the units digit of (-17)/p + (-1)/4?
4
Suppose 0 = -5*j + 5*c - 4*c + 1000, j - 200 = 3*c. What is the units digit of j?
0
Suppose b - 2*v = -3*v + 5, -15 = -3*b - 5*v. Suppose 8*x - b = 3*x. What is the units digit of x?
1
What is the hundreds digit of -6*14/63*558/(-4)?
1
Suppose 3*z - 36 = 6*z. What is the units digit of 8/z - 80/(-3)?
6
Suppose -w + 24 = -0*w. Let y(x) = -x**2 - 8*x - 5. Let m be y(-7). Suppose -4*f + 2*u + w = 0, m*f + 0*f - 3*u = 16. What is the units digit of f?
5
Let w(h) be the third derivative of h**6/120 - h**5/20 + 5*h**4/24 - 2*h**3/3 + 3*h**2. What is the tens digit of w(3)?
1
Let y(j) = 5*j. Let p(q) = -7*q**3 - 2*q**2 - 2*q - 1. Let b be p(-1). Let c be -2*((-3)/b - 0). What is the units digit of y(c)?
5
Let d be 12 + 2 + -3 + 1. What is the tens digit of 2/((-2)/(-2 - d))?
1
Let d be (0/(-3))/((-3)/(-3)). Suppose d = -0*m + 2*m. Suppose 3*o - g - 2*g = 33, m = 4*o + 3*g - 23. What is the units digit of o?
8
Suppose 288 = -f - 3*s + 4*s, -4*f - 4*s - 1184 = 0. What is the units digit of 14/(-63) - f/18?
6
Let c(o) = -o**3 - 15*o**2 + 15*o - 8. What is the units digit of c(-16)?
8
Suppose 0 = 4*x - g - 27 - 136, -4*x + 188 = 4*g. What is the units digit of x?
2
Suppose -4*b + 4*v = 2 + 2, -5*v + 45 = 5*b. What is the units digit of b/(-10) + 47/5?
9
Suppose 9 - 29 = -5*q, 0 = -4*o - 4*q + 560. What is the tens digit of o?
3
Let h = 1 + -3. What is the units digit of ((-1)/(-3))/(h/(-54))?
9
Suppose -2*h - 3*h + 10 = 0. Suppose h = 2*t - 22. What is the units digit of t?
2
Suppose d - 3*u + 3 = 0, -3*d - 5*u - 4 = -23. Let c = d - 4. What is the units digit of c/(-4) - (-78)/8?
0
Suppose -2*y + 5 = -y. Suppose 4*w + 9*o - 4*o = 198, 0 = -w + y*o + 37. Let k = w - 33. What is the units digit of k?
4
Suppose 0 = -5*g - g + 348. What is the tens digit of g?
5
Suppose -f - k + 15 = 0, 4*f - 25 = 4*k + 43. What is the tens digit of f?
1
Suppose k + g = 2*g + 6, 3*k + 3*g - 18 = 0. Suppose -16*x - 15 = -11*x. Let t = k + x. What is the units digit of t?
3
Suppose -3*k + 2*m + 180 = 0, -k - k - 4*m = -104. Suppose 3*a = 77 + k. What is the tens digit of a?
4
Let v = 6 + -6. Suppose -15 = -3*r - 3*y, -4*y + y - 15 = v. Suppose -5*p + r + 0 = 0. What is the units digit of p?
2
Suppose w + 4*w = n + 30, 0 = -2*w - 3*n - 5. Let s = 10 + 10. What is the units digit of 8/s + 18/w?
4
Let u(j) be the second derivative of -3/2*j**2 - 1/12*j**4 - 5/3*j**3 + 0 + 2*j. What is the tens digit of u(-8)?
1
Suppose 0 = -5*p + y + 29, -5*p - 4*y = y - 35. Let z(x) = -x + 10. What is the units digit of z(p)?
4
What is the units digit of (-1)/8 - 114/(-16)?
7
Suppose -3*k + k + 5*x = 85, -2*k = -3*x + 83. What is the units digit of 30/k + (-35)/(-4)?
8
Let p(r) = r**3 - 2*r**2 - 2*r - 5. Suppose 0*f = -2*f - 5*i - 7, 0 = -4*f + 5*i + 31. What is the tens digit of p(f)?
1
Let k = 23 - 13. Let f = k - 6. Suppose 3*h = f + 2. What is the units digit of h?
2
Let o = 28 - 14. What is the units digit of o?
4
Suppose 5*n - 6 - 9 = 0. Let a(s) = s**2 + s - 4. Let j be a(n). Let q(i) = i**3 - 7*i**2 - 6*i + 2. What is the units digit of q(j)?
8
What is the units digit of 2*(-5)/30*-15?
5
Let v(h) = -2*h + 10. Let i be v(9). Let f = i - -11. Suppose 0 = 2*c, -2*c + c - 12 = -f*s. What is the units digit of s?
4
Suppose -4*q + q = -156. What is the units digit of q?
2
Let n(b) = b**3 + 19*b**2 + 19*b + 22. Let q be n(-18). Suppose q*t = -t, 28 = 4*f + t. What is the units digit of f?
7
Let w(s) = s**3 - 5*s**2 - 5*s + 3. Let k(x) = x**3 - 9*x**2 + 10*x - 10. Let n be k(8). What is the units digit of w(n)?
9
Let d be (-1)/(1/(1 + 0)). Let i(s) = s + 2. What is the units digit of i(d)?
1
Let p(d) = -d + 2 - 3 + 0*d + 2*d. What is the units digit of p(2)?
1
Let p be (-609)/(-9) - (-1)/3. Suppose -m + p = 3*m. What is the tens digit of m?
1
Suppose -2*v - 130 + 216 = 0. What is the tens digit of v?
4
Let z(l) = 2*l**2 + l - 3. Let q be z(-4). Let x be q - (-2 + 3 + -3). Let t = -13 + x. What is the tens digit of t?
1
What is the units digit of 258/4 - 19/(-38)?
5
Suppose 0 = -3*r + 4*r - 33. What is the units digit of r?
3
Let n(i) = -2*i - 5. Let v be -6 - 0*(-2)/(-4). What is the units digit of n(v)?
7
Let k(q) = -q**2 + 16*q. Let p be k(15). Suppose -8 = -3*o + o. Let i = o + p. What is the tens digit of i?
1
Suppose -23 + 65 = 2*n. What is the units digit of n?
1
Let f(b)